the remainder when 24403 is divided by 60?
43
What is the remainder when 43046 is divided by 122?
102
Calculate the remainder when 2214 is divided by 21.
9
Calculate the remainder when 2221693 is divided by 63.
61
What is the remainder when 17091 is divided by 26?
9
Calculate the remainder when 72934 is divided by 214.
174
Calculate the remainder when 27997 is divided by 70.
67
What is the remainder when 8033 is divided by 120?
113
Calculate the remainder when 430045 is divided by 25.
20
Calculate the remainder when 19382 is divided by 273.
272
What is the remainder when 371867 is divided by 112?
27
Calculate the remainder when 1696 is divided by 746.
204
What is the remainder when 13205 is divided by 4?
1
What is the remainder when 3437 is divided by 71?
29
What is the remainder when 13636 is divided by 3593?
2857
What is the remainder when 17555 is divided by 82?
7
What is the remainder when 5081 is divided by 124?
121
Calculate the remainder when 427509 is divided by 20357.
12
What is the remainder when 3205 is divided by 57?
13
What is the remainder when 3455 is divided by 11?
1
What is the remainder when 357 is divided by 205?
152
What is the remainder when 3776 is divided by 188?
16
What is the remainder when 61822 is divided by 533?
527
Calculate the remainder when 2692 is divided by 55.
52
Calculate the remainder when 11602 is divided by 3823.
133
What is the remainder when 11013 is divided by 3452?
657
Calculate the remainder when 1229 is divided by 854.
375
Calculate the remainder when 280 is divided by 2.
0
What is the remainder when 8307 is divided by 1374?
63
Calculate the remainder when 275831 is divided by 39403.
10
What is the remainder when 13327 is divided by 831?
31
What is the remainder when 194231 is divided by 218?
211
Calculate the remainder when 38211 is divided by 1649.
284
What is the remainder when 51583 is divided by 4?
3
Calculate the remainder when 25809 is divided by 20.
9
What is the remainder when 9158 is divided by 1306?
16
What is the remainder when 232343 is divided by 273?
20
Calculate the remainder when 18570 is divided by 2321.
2
Calculate the remainder when 63535 is divided by 152.
151
Calculate the remainder when 59954 is divided by 15.
14
Calculate the remainder when 44466 is divided by 44464.
2
Calculate the remainder when 125540 is divided by 39.
38
What is the remainder when 20390 is divided by 728?
6
Calculate the remainder when 97119 is divided by 149.
120
What is the remainder when 22228 is divided by 362?
146
What is the remainder when 83261 is divided by 27751?
8
What is the remainder when 1725 is divided by 344?
5
What is the remainder when 23053 is divided by 60?
13
What is the remainder when 839 is divided by 828?
11
What is the remainder when 32631 is divided by 15882?
867
Calculate the remainder when 271959 is divided by 2495.
4
Calculate the remainder when 2036 is divided by 922.
192
What is the remainder when 2224 is divided by 2203?
21
Calculate the remainder when 820 is divided by 21.
1
What is the remainder when 2613 is divided by 124?
9
Calculate the remainder when 126714 is divided by 126690.
24
What is the remainder when 10249 is divided by 204?
49
What is the remainder when 91671 is divided by 31?
4
What is the remainder when 11142 is divided by 164?
154
What is the remainder when 2667 is divided by 10?
7
What is the remainder when 13816 is divided by 147?
145
What is the remainder when 6542 is divided by 17?
14
Calculate the remainder when 53678 is divided by 13407.
50
What is the remainder when 160429 is divided by 526?
525
What is the remainder when 75011 is divided by 5354?
55
Calculate the remainder when 6351 is divided by 2105.
36
What is the remainder when 1268 is divided by 1118?
150
What is the remainder when 172973 is divided by 681?
680
What is the remainder when 1684 is divided by 22?
12
Calculate the remainder when 13096 is divided by 2582.
186
What is the remainder when 1725 is divided by 433?
426
Calculate the remainder when 9927 is divided by 1225.
127
What is the remainder when 484037 is divided by 189?
8
What is the remainder when 74432 is divided by 5?
2
Calculate the remainder when 441 is divided by 136.
33
What is the remainder when 3168 is divided by 43?
29
Calculate the remainder when 235919 is divided by 9.
2
What is the remainder when 3958 is divided by 605?
328
What is the remainder when 1637 is divided by 1636?
1
Calculate the remainder when 6001 is divided by 16.
1
Calculate the remainder when 12369 is divided by 119.
112
Calculate the remainder when 3843 is divided by 584.
339
What is the remainder when 383073 is divided by 12?
9
Calculate the remainder when 2090 is divided by 383.
175
What is the remainder when 2245 is divided by 821?
603
Calculate the remainder when 37602 is divided by 12528.
18
What is the remainder when 76212 is divided by 14?
10
What is the remainder when 25207 is divided by 73?
22
What is the remainder when 4050 is divided by 8?
2
What is the remainder when 12740 is divided by 38?
10
What is the remainder when 37179 is divided by 2655?
9
What is the remainder when 308456 is divided by 12?
8
Calculate the remainder when 24964 is divided by 1920.
4
Calculate the remainder when 76234 is divided by 1494.
40
Calculate the remainder when 11005 is divided by 51.
40
What is the remainder when 245665 is divided by 40940?
25
Calculate the remainder when 49218 is divided by 99.
15
What is the remainder when 67713 is divided by 81?
78
What is the remainder when 4829 is divided by 105?
104
Calculate the remainder when 22078 is divided by 58.
38
Calculate the remainder when 1244 is divided by 559.
126
What is the remainder when 1886325 is divided by 108?
105
Calculate the remainder when 47794 is divided by 11947.
6
Calculate the remainder when 6325 is divided by 4051.
2274
What is the remainder when 432572 is divided by 21?
14
What is the remainder when 314181 is divided by 78544?
5
Calculate the remainder when 984980 is divided by 39.
35
Calculate the remainder when 688995 is divided by 106.
101
Calculate the remainder when 8549 is divided by 372.
365
What is the remainder when 10994 is divided by 1533?
263
What is the remainder when 687 is divided by 364?
323
What is the remainder when 9566 is divided by 420?
326
What is the remainder when 1182991 is divided by 29?
23
Calculate the remainder when 2892466 is divided by 245.
241
Calculate the remainder when 3000 is divided by 208.
88
Calculate the remainder when 8531 is divided by 8.
3
What is the remainder when 9220 is divided by 99?
13
What is the remainder when 251168 is divided by 125580?
8
What is the remainder when 7316 is divided by 771?
377
Calculate the remainder when 20846 is divided by 30.
26
What is the remainder when 896 is divided by 52?
12
What is the remainder when 607 is divided by 298?
11
Calculate the remainder when 5912 is divided by 1936.
104
What is the remainder when 14332 is divided by 959?
906
What is the remainder when 20055 is divided by 1179?
12
What is the remainder when 148703 is divided by 188?
183
Calculate the remainder when 1453 is divided by 459.
76
What is the remainder when 31715 is divided by 755?
5
Calculate the remainder when 189972 is divided by 255.
252
What is the remainder when 6312 is divided by 260?
72
What is the remainder when 5129206 is divided by 14?
12
What is the remainder when 3544 is divided by 135?
34
What is the remainder when 614 is divided by 516?
98
Calculate the remainder when 39375 is divided by 5622.
21
Calculate the remainder when 2519 is divided by 45.
44
What is the remainder when 86505 is divided by 39?
3
Calculate the remainder when 675 is divided by 22.
15
What is the remainder when 1109 is divided by 141?
122
What is the remainder when 1479 is divided by 786?
693
Calculate the remainder when 8648 is divided by 346.
344
Calculate the remainder when 1022710 is divided by 172.
170
What is the remainder when 5927 is divided by 1126?
297
What is the remainder when 31565 is divided by 15767?
31
Calculate the remainder when 18852 is divided by 24.
12
Calculate the remainder when 3729 is divided by 287.
285
Calculate the remainder when 85116 is divided by 27.
12
Calculate the remainder when 11975 is divided by 1.
0
What is the r